)).
-10
Evaluate (-23 - (-53 - (-28 + 11))) + (4 - 3) + -116.
-102
-15 + 2 - (15 + -38 - (5 - -2))
17
What is 13 + (10 - 7 - -2) + -21 - 47?
-50
Calculate 0 - -12 - (3 + -102 + 79).
32
(-61 + -35 - -93) + (1 - 11)
-13
What is (-4 - -1 - 27) + (76 - 33 - 33)?
-20
Calculate (701 + -678 - (136 + 2)) + 28.
-87
Calculate (-64 + 49 - -42) + 47 - 25.
49
(9 - -1) + -87 + (1 - (39 + -42))
-73
What is -4 + 1 + 1 + 9 + (-388 - -344)?
-37
Calculate (21 - (-87 - (-39 + -11))) + -41.
17
What is 34 - (20 + 5 + -10 - (3 + 21))?
43
What is the value of (-67 - -2) + 62 + -16?
-19
Evaluate 62 + 7 + -57 + 28.
40
-61 + (64 - 3) - -12
12
What is (4 + 2 - 8) + 6 + -32 + 21?
-7
2 - (50 + (-37 - -6 - -3) + 14)
-34
19 - ((-31 - (-29 + 17)) + 28)
10
Evaluate (-9 + (1 - 0) - (-38 - 9)) + -10.
29
What is the value of -23 + (-8 - ((-8 - 3) + (5 - 7 - -7)))?
-25
Evaluate -105 - (-110 - -30) - -144.
119
Evaluate 32 + 2 - 1 - (67 + -95 - (1 + -37)).
25
What is (0 + -5 - -16) + (-839 - -763)?
-65
What is the value of -158 + -16 + 8 + 87?
-79
What is the value of -163 + 179 + (6 - (19 - 3))?
6
Calculate -72 + 95 + -3 + 5 + 6 + 6 + -10.
27
Evaluate (32 - -16) + -497 + 423.
-26
What is 5 + 0 - (-391 + 370)?
26
What is 26 - 28 - ((-15 - (-18 + 8)) + 10)?
-7
What is the value of -4 + 9 + 6 + (25 - -43 - 47)?
32
248 - (-32 - -333) - (-1 - -1 - (13 + 2))
-38
Evaluate 16 + (28 + -24 - 56).
-36
What is the value of 85 - (3 - 7 - 6 - (-91 - -75))?
79
-5 + (-303 + 296 - (-1 + 20)) + 4
-27
What is the value of -8 - (-1 - (-4 - -8)) - (-12 - (-7 - -12))?
14
What is the value of 0 + -28 + -6 + (-34 - (-7 - 15)) + 16?
-30
Calculate 1 - 7 - ((20 - 38) + (4 - -2)).
6
Calculate (1269 - 1244) + (2 - 0) + (-13 - 1) + 1.
14
(-16 + 5 - -5) + (-83 - -6) - (1092 + -1084)
-91
Calculate -2 + 3 + (-8 - -8 - 9) + -3 + -10.
-21
Calculate (-44 - -12) + -42 + 121.
47
-2 + -13 + -24 + (17 + 5 - -1)
-16
What is the value of (-1 - 35 - -35) + (65 - ((-3 - -3) + -3))?
67
What is the value of -66 + (-53 - -113) + (2 - 40)?
-44
-11 + (8 - (-7 - 4)) + (63 - -32)
103
Calculate (-105 - -93) + 9 - 38.
-41
What is -24 + (8 + 19 - 11) - (-2 - (-1 + 27))?
20
What is the value of 0 + 4 + (-35 + 44 - 21) + -43 + 1?
-50
What is 151 + 50 + -87 + -50?
64
What is the value of -1315 + 1378 + -15 + 3?
51
-2 + (-8 - -9) - 6 - -28 - (-6 + 1)
26
What is 19 - (-10 + 20) - (16 - -31)?
-38
What is -5 + 5 - ((-9 + -33 - -50) + -1 + 1)?
-8
Evaluate -15 + 6 - (-10 - -8 - -45).
-52
-6 - 1 - (6943 - 6925 - (-1 - (-5 + 2)))
-23
Evaluate 99 + -308 + 232 + (51 - 0).
74
Calculate 46 + (-23 + 8 - 29).
2
What is (-5 - 10) + 3 + -5 + 55?
38
Evaluate 90 + ((9 + -13 - 7) + 0 - (10 + -15)).
84
What is 38 - (29 - ((15 - -12) + 8))?
44
Calculate 0 - (2 + -9) - (-141 + 62 + 56).
30
What is the value of 11 - ((30 - 5) + -47 + 24) - (107 + -1)?
-97
-154 + -55 + 13 + 126
-70
What is -45 - (8 - 1 - -7 - 39)?
-20
Evaluate 104 + (1 - 2 - -1) + (-115 - -419 - 314).
94
What is the value of 129 + 75 + 43 + -322?
-75
Calculate (-24 - (10 - 22)) + 42.
30
Evaluate -62 - -195 - 143 - 74.
-84
What is the value of (78 - 38) + 2 + -49 + (2 - -41)?
36
What is the value of -6 - (-418 + 416 - (-2 + (0 - 49)))?
-55
What is the value of -21 + -139 + 86 + 59?
-15
What is -134 + 85 - (13 + (-33 - 1))?
-28
What is 35 + (-35 + 14 - (7 - 42))?
49
Calculate 50336 + -50436 + (1 - -1 - 35).
-133
Evaluate 25 - (-52 - -71 - (23 - 1) - 4).
32
1 - -15 - (-88 - (73 + -153))
24
What is (2 - -3 - 3) + 10 - (-5 + 47 + 82)?
-112
What is the value of -84 - (9 - 48) - -80?
35
Calculate -11 + (15 + 0 - (8 - 1) - -32).
29
Calculate 8 + 1 + (2 - 73) + (-22 + -10 - -42).
-52
(-12 - -4 - 6) + 6 + -4 + -10
-22
30 - ((-28 - -46) + -40 - (-2 - 11))
39
What is the value of (-5 + 2 - -11) + 0 + -67 + (-45 - -59)?
-45
Evaluate 4 - (-53 - (0 + 21 + -28)).
50
-4936 - -4915 - (-1 + -28)
8
What is (1 - 3 - -1 - 3) + (-23 + -79 - -113)?
7
(4 - 94) + (-846 - -977)
41
What is -47 + (-29 - -42 - -9)?
-25
-11 - (-1 - 98 - (307 + -334))
61
(-21 - (-7 - (4 - 6 - -3))) + -6
-19
What is the value of (-14 - 0) + (-89 + -121 - -181)?
-43
What is the value of -32 - -27 - (1 - -1) - (360 + -454)?
87
What is the value of -23 - (2 - (1 + 14 + -18))?
-28
What is 24 + (-3 - 0) - (-16 - (-1 + -2))?
34
Evaluate (64 - -5) + -105 + 6.
-30
-32 + 1 - (228 + -275 + 72)
-56
What is the value of 59 - 32 - (-41 + 74) - 69?
-75
What is the value of -73 - -2 - (10 - (93 - 44 - 42))?
-74
68 - (-37 + 117 + -34)
22
What is the value of (0 - 21) + (-209 - -229) - (0 - 32)?
31
Evaluate (4 - 1 - (-3 + -6 + 13) - 40) + -2.
-43
Calculate 19 - (4 + 5 + 18) - -35.
27
-62 - 1 - (-74 + 93 - 52)
-30
Calculate -1 + ((-9 - -22) + -3 - -2 - 0).
11
Calculate 5 + ((1 - -58) + 1 - 10) - -10.
65
What is the value of -31 + (-6 - (-7 - -2) - (-4 - (-9 - 3)))?
-40
What is the value of (-1 - 6) + (124 - 110 - (25 - 3)) + 112?
97
Evaluate -19 - (42 + (83 - 143)).
-1
717 + -632 + -6 + -3 + 26
102
Calculate 5 - -12 - (-30 - -29 - 10).
28
What is -11 + 10 + 1 + (-35 - -59)?
24
-6 + (28 - (28 - 13) - -9) + -7
9
What is the value of 8 - (8 - -35) - (14 + -28 - -22)?
-43
What is the value of -1 - (1 + 8 - (-1 - (19 + (21 - 61))))?
10
Calculate -34 + (14 - (0 + 20 + 423 + -439)).
-24
Evaluate 1 + -62 + 0 - (331 - (-15 - -344)).
-63
Calculate -48 - (6 - (22 - 17)) - (10 - 23).
-36
4505 + -4464 + (4 + -2 - 19)
24
Evaluate (173 - 83 - 86) + (85 - -1).
90
Calculate -7 - (-23 + 30 + 54).
-68
What is (8 - (13 + -52)) + -9?
38
Evaluate -17 + (-53 - -47 - (2 - 2) - -9).
-14
What is (323 - 314) + (20 - (2 + (0 - 6)))?
33
What is 6 - 29 - (3 - (15 - 0 - 8))?
-19
What is the value of -3 + 1 + 2 + -41 + 34 + -53?
-60
What is (48 - (65 + -48)) + -4?
27
Calculate 46 + -17 + -41 + 46 + (-1 - 12).
21
Evaluate (3 - (-36 - 5) - 20) + (-2 - 0 - -13).
35
What is 25 + (-39 + 22 - 36)?
-28
3 - (-2 - (-1 - 2)) - ((91 - 39) + -9)
-41
13 + 18 + -23 + -9 + 13
12
What is -622 + 632 + (-1 + -21 - -2) - 17?
-27
Calculate -10 - 5 - (15 + 9 - 93).
54
73 - (7 - (25 - 1) - (6 + (4 - 18)))
82
Calculate 43 + (0 - 0 - (-56 + 29 + 32)).
38
(-28 + 2 - -72) + -43 - (31 + -1 - -1)
-28
Calculate 15 + -24 + 4 - (26 - 13).
-18
Evaluate -3 - ((57 - (55 - 29)) + (0 - (2 - 3))).
-35
16 - (41 - (5 - -22 - 2))
0
What is 37 - (8 + 67 + 20)?
-58
Evaluate 3 + -1 + -1 + -25 + (-113 - -111).
-26
Calculate (20 - 1) + (103 - (67 + -26)).
81
What is 11 - 22 - (4 - 23) - -29?
37
Evaluate -40 - -1 - (752 - 774).
-17
What is the value of -7 + (-18 - (-12 - (-8 + 7)))?
-14
Calculate -21 - (-28 - 23) - 25.
5
What is -98 - -9 - (-40 + -15)?
-34
Calculate 567 + -618 + 7 + -1.
-45
Evaluate 42 - -29 - 79 - (-7 + 3 + -1 + 0).
-3
Calculate (-15 + -40 + 34 - 22) + 137.
94
Evaluate 1552 + -1307 + -136 + 1.
110
Calculate -70 + 85 - -13 - (-43 + 5).
66
Evaluate 47 + (-20 + 31 + (-30 - -4) - -17).
49
Calculate 1 - 68 - (14 - 35 - -29 - 29).
-46
What is the value of 12 - (6 - (-15 + 26))?
17
Calculate (-17 - -84) + 27 + 19.
113
What is the value of 2 + (-26 - 28) - -46 - 143?
-149
Evaluate (3 - -25) + 42 + -55.
15
Evaluate -6 + 39 - (18 - -13).
2
Evaluate (2 + (-2 - 6) - (-63 - -47)) + 35.
45
What is -287 - -321 - (-1 + 63)?
-28
Evaluate 29 - (-1 - -1) - (-11037 - -11039).
27
What is -12 - (5 - 16) - (10 - 3) - 0?
-8
Evaluate 11 + -14 - (-1 + 1 + -12 + (5 - 43)).
47
Calculate -116 - (2 + -5) - (727 + -763).
-77
7 - (-16 + 34) - (-45 + 53)
-19
-17 + -54 + (57 - -6)
-8
Calculate (-50 + 85 + 29 - (-1 - (3 + -1))) + -7.
60
(216 + -319 - (6 + 0)) + -5 + 16 + -14
-112
2 + -48 - (-5 - -9 - (-3 - -10))
-43
What is 1 - -125 - 0 - (32060 - 32023)?
89
140 + -46 - (32 - 13 - 6)
81
What is the value of 1 - 203 - (-939 - -864)?
-127
What is the value of -93 + (109 - 80) - 52?
-116
What is -132 + (6 - -101 - -3)?
-22
Evaluate (24 - 13) + -32 + 2 + 7 + 5.
-7
What is the value of 170 + (-123 - -245 - 145)?
147
Calculate -8 + (62 - (34 + 17)).
3
What is the value of 54 + -1 + (1 - 9) + (-4 - -24) + -21?
44
What is the value of -93 + 98 - ((4 + -11 - -12) + 0 + 7)?
-7
-5 + 12 - (-7 - (-8 - 6)) - (-14 + -10)
24
(-91 - (-2 + 6)) + 152 + -145 + -1 + -13
-102
Calculate 276 - 248 - (-8 + 2 + -4).
38
Calculate 10 - 26 - -12 - (12 + -39).
23
What is the value of -29 - (73 + (88 - 89))?
-101
Calculate -10 - (-15 - (-9 + 4)).
0
Evaluate (74 - (18 + -11)) + (-